
What is the greatest common divisor of 251402865 and 7?
7
Calculate the highest common factor of 140 and 3666210.
10
What is the greatest common divisor of 2576 and 637588?
28
What is the greatest common divisor of 9181432 and 234?
26
Calculate the greatest common divisor of 210 and 201993414.
42
Calculate the greatest common divisor of 183389586 and 268.
134
What is the greatest common factor of 89010 and 70739214?
5934
Calculate the greatest common divisor of 1528 and 702068632.
1528
Calculate the highest common divisor of 1482 and 45242184.
78
Calculate the highest common factor of 1332 and 2140542.
18
Calculate the greatest common factor of 2780 and 152880.
20
What is the greatest common factor of 23950573 and 10471?
283
What is the greatest common factor of 78998716 and 2056?
1028
Calculate the greatest common factor of 155364 and 779388.
1284
Calculate the highest common factor of 2004 and 5198877.
501
Calculate the highest common factor of 226879718 and 78.
26
Calculate the greatest common factor of 26 and 365686997.
13
Calculate the greatest common divisor of 167489 and 17861.
337
Calculate the highest common divisor of 111234 and 27.
3
Calculate the highest common factor of 6029042 and 266.
38
What is the greatest common divisor of 85 and 130253505?
5
What is the highest common factor of 1157268 and 131376?
1932
Calculate the greatest common divisor of 116212 and 206.
2
What is the greatest common divisor of 766 and 159362087?
383
Calculate the greatest common divisor of 9156 and 194340678.
4578
Calculate the greatest common divisor of 23345296 and 224.
16
What is the highest common factor of 167796570 and 18?
6
Calculate the greatest common divisor of 134637 and 3282.
3
What is the highest common divisor of 61420 and 1975400?
1660
Calculate the greatest common factor of 51818 and 288223.
13
Calculate the greatest common divisor of 38984 and 2920.
8
What is the greatest common divisor of 394886521 and 373?
373
Calculate the highest common divisor of 869 and 111661.
11
What is the highest common divisor of 5677647 and 58233?
141
What is the greatest common factor of 1877499 and 3861?
351
Calculate the highest common divisor of 290760212 and 12.
4
What is the highest common divisor of 5389 and 44132?
17
Calculate the highest common factor of 20527442 and 2626.
2626
What is the greatest common factor of 2341 and 49598767?
2341
What is the highest common factor of 297390 and 2760?
690
Calculate the greatest common factor of 193905 and 45973.
31
Calculate the highest common divisor of 5325 and 4416555.
1065
What is the greatest common factor of 2882 and 96816467?
1441
What is the highest common factor of 72 and 678100086?
18
What is the greatest common factor of 68 and 41862398?
34
What is the greatest common divisor of 1749072 and 3822?
78
Calculate the greatest common factor of 71896077 and 33.
33
Calculate the greatest common factor of 649520059 and 3067.
3067
Calculate the highest common factor of 4610374 and 172.
86
Calculate the greatest common divisor of 4387 and 1294165.
4387
What is the greatest common divisor of 12 and 41875080?
12
What is the greatest common divisor of 3432 and 31980?
156
Calculate the greatest common divisor of 15365 and 328635839.
3073
Calculate the highest common factor of 117193700 and 5200.
1300
Calculate the greatest common divisor of 3045085 and 46.
23
What is the highest common divisor of 825 and 39711925?
275
Calculate the highest common divisor of 23714 and 7858.
2
What is the greatest common factor of 276848 and 1066?
26
Calculate the highest common divisor of 3585 and 165650661.
717
Calculate the greatest common divisor of 430602 and 926306.
86
Calculate the greatest common factor of 5141570 and 18865.
1715
What is the greatest common factor of 4077076 and 629?
17
Calculate the greatest common divisor of 12338 and 16864.
62
What is the greatest common divisor of 960 and 93139584?
192
What is the greatest common factor of 306 and 1733656158?
306
What is the highest common factor of 107131725 and 20215?
1555
What is the greatest common divisor of 225 and 163785?
15
Calculate the highest common factor of 141801 and 2376.
33
What is the highest common divisor of 4309 and 1655351?
139
Calculate the greatest common divisor of 12302070 and 377520.
3630
What is the highest common divisor of 12144 and 382904?
184
What is the greatest common divisor of 99330550 and 55?
55
What is the highest common factor of 1968966 and 920?
2
Calculate the highest common divisor of 10512 and 481464.
72
Calculate the highest common factor of 4391 and 687086116.
4391
What is the highest common factor of 158808 and 2525658?
3054
What is the highest common divisor of 119 and 1805076?
7
Calculate the highest common factor of 20964486 and 228.
114
Calculate the greatest common divisor of 10989 and 9446877.
3663
What is the highest common divisor of 18460 and 326174?
142
What is the greatest common divisor of 35 and 3120568255?
35
Calculate the greatest common factor of 538308 and 1164.
12
Calculate the highest common divisor of 6983360 and 1120.
160
Calculate the highest common divisor of 11982403 and 58717.
827
What is the greatest common divisor of 252640 and 727840?
160
Calculate the highest common factor of 1494 and 6606.
18
What is the highest common divisor of 3672 and 4254216?
408
What is the highest common factor of 68 and 13675888?
68
What is the highest common factor of 3483 and 156778?
43
Calculate the greatest common factor of 5253010 and 5858.
202
Calculate the greatest common divisor of 9526 and 3338.
2
What is the greatest common factor of 313401 and 19206?
33
What is the greatest common factor of 9 and 1738414?
1
What is the greatest common factor of 244 and 8986520?
244
Calculate the greatest common factor of 45044 and 6952.
4
What is the highest common divisor of 1523504 and 72?
8
Calculate the greatest common factor of 461565 and 5616.
351
Calculate the greatest common divisor of 1085982 and 8742.
282
What is the greatest common factor of 368 and 18176512?
16
Calculate the highest common divisor of 7288 and 2567198.
1822
What is the highest common factor of 12483010 and 13615?
1945
What is the highest common factor of 531729 and 3267?
99
Calculate the greatest common factor of 294142 and 1113494.
122
What is the highest common divisor of 38853252 and 1444?
76
What is the highest common factor of 182266 and 1064?
14
Calculate the greatest common divisor of 6210007 and 6973.
367
What is the highest common factor of 1315508 and 24978?
8326
What is the highest common factor of 8180 and 16780?
20
What is the greatest common factor of 1960 and 9515310?
490
What is the highest common factor of 9310 and 19388170?
190
Calculate the highest common factor of 765570171 and 249.
249
What is the greatest common divisor of 36 and 833739876?
36
What is the greatest common factor of 22 and 128404766?
2
Calculate the highest common divisor of 621502 and 321526.
862
What is the greatest common factor of 3692975 and 3263?
13
What is the highest common factor of 172 and 759767?
43
What is the highest common factor of 1301541924 and 36?
12
Calculate the greatest common factor of 1660 and 7404780.
20
Calculate the highest common divisor of 37049062 and 74.
74
What is the highest common factor of 4585842 and 35534?
326
Calculate the highest common factor of 950 and 3502750.
50
What is the greatest common factor of 3 and 902855331?
3
Calculate the highest common factor of 2862 and 178904574.
954
Calculate the greatest common factor of 201168 and 1006983.
1143
Calculate the greatest common divisor of 3542173 and 545.
109
What is the highest common factor of 27730 and 128130?
10
Calculate the highest common factor of 168674 and 19082466.
1394
What is the greatest common factor of 7454664 and 6076?
196
Calculate the greatest common factor of 40 and 5347700080.
40
What is the greatest common divisor of 8181 and 412047?
81
What is the greatest common divisor of 468 and 319778784?
468
Calculate the highest common divisor of 86934533 and 5131.
5131
Calculate the highest common divisor of 97 and 27822607.
97
What is the highest common divisor of 43255 and 348295?
205
Calculate the greatest common divisor of 15160 and 29332705.
1895
What is